s the hundreds digit of t?
1
Let z(q) = q**3 + 3*q**2 + 8*q - 55. What is the tens digit of z(10)?
2
Suppose 6*a + 2809 = 19351. What is the tens digit of a?
5
Let c(h) = 5*h**2 + 0*h - h - 2 + 2 + h**3. Let r be c(-4). Suppose 3*y + 4*i + r = 92, 5*i = y - 24. What is the tens digit of y?
2
Suppose u - 6*u = -60. Let f(d) be the second derivative of 2*d**3/3 - d**2 - 357*d. What is the tens digit of f(u)?
4
Suppose -b - y + 571 = 0, y - 5 + 1 = 0. What is the units digit of b?
7
What is the units digit of (-1*(-3966)/(-12))/((-2)/4)?
1
Let d(o) = -o**2 + 42*o + 14. What is the hundreds digit of d(38)?
1
Suppose 0 = 113*o - 88*o - 29150. What is the hundreds digit of o?
1
Let h(g) = -7*g + 8*g - 6*g + 12. What is the units digit of h(-5)?
7
Let z(n) = n**2 - 8*n - 11. Let o be 6/(-12) + 81/6. Let v be z(o). Suppose m - v = -m. What is the tens digit of m?
2
Let i(l) = 4*l - 12. Let q(x) = -x**3 + 5*x**2 - 4*x - 5. Let r be q(5). Let t = 36 + r. What is the tens digit of i(t)?
3
Suppose -2*f + 7*f - 180 = 2*w, 4*w = -2*f - 312. What is the units digit of (-51)/(-4)*w/(-30)?
4
Suppose -53*h + 14*h + 177918 = 0. What is the units digit of h?
2
Let r(h) = 3*h - 24. Let n be r(7). What is the hundreds digit of -3 + (-485)/n + 10/(-15)?
1
Let k be (-6)/9 + 1676/(-6). What is the units digit of (-6)/12*(k + 2)?
9
Let x(k) = -k + 3. Let c be x(-6). Suppose 4*s - 2*s + c = -j, 22 = -3*j - 5*s. What is the units digit of (3*j)/(18/78)?
3
What is the hundreds digit of (11080/50)/(2/5)?
5
Let v be 2 + -3 + -1 - -30. Suppose 84 - v = 2*t. What is the units digit of t?
8
Let g = -372 + 99. What is the tens digit of 9/(-4)*(1 + g/9)?
6
Let g be -1 + -3 + (15 - 0). Let h be (-24)/(-9)*6/4. Let s = g - h. What is the units digit of s?
7
What is the units digit of 4/(-22) + ((-611328)/(-88))/16?
4
Let s(h) = -h**2 + 16*h - 26. Let b be s(14). What is the tens digit of (3/1 - -219)*1/b?
1
Suppose -4*u + 92 + 112 = 0. Suppose 5*z = -0*z. Suppose z = -2*i - 5*w + u, 0*w + 12 = -4*w. What is the units digit of i?
3
Suppose -3*j = 1264 - 3388. What is the hundreds digit of j?
7
What is the tens digit of ((-52)/(-65))/(4/121140*6)?
3
Suppose -3*o + f + 24 = -6*o, -5*o + f - 40 = 0. What is the tens digit of (-4)/o + (-95)/(-2)?
4
Let h be (-2)/3 - (-2336)/12. Let d = -81 + h. What is the hundreds digit of d?
1
Let y = 230 - 224. What is the units digit of y?
6
Let t = -53 + 78. Suppose 0 = -3*v + 8*v - t. Suppose -v*b + 32 = -63. What is the tens digit of b?
1
Suppose 0 = -103*i + 119*i - 23024. What is the tens digit of i?
3
What is the tens digit of 5 - (-216 - (-2 + 8))?
2
Suppose 2*z - 2*j = 212, -551 + 13 = -5*z + 3*j. Suppose -12 + z = l. What is the units digit of l?
8
Let k be (-1 - -1)/(-1) - -1. Let t(l) = 38*l**2 + 711*l - 711*l. What is the units digit of t(k)?
8
Let l be (-36)/(-8)*(-26)/(-3). Suppose l = 6*s - 5*s. What is the units digit of s?
9
Let l = 6 - 4. Let j(a) be the second derivative of 25*a**3/6 + 3*a**2 - 2*a + 3. What is the tens digit of j(l)?
5
Let l(o) = -o**3 - 11*o**2 + 13*o + 15. Suppose 3*i = 2*i + 2*x + 46, -5*i = -x - 185. Suppose i = -0*t - 3*t. What is the units digit of l(t)?
3
Suppose 3*c = -2 + 11. Suppose -a + 4*j + 4 = -6*a, 4*a - 3*j - c = 0. What is the units digit of (-612)/(-12) - (1 + a)?
0
What is the units digit of (-864)/120*(-775)/10?
8
Let l(k) = k - k**3 + k**2 + 11 - 3 + 6 + 1. What is the units digit of l(0)?
5
Suppose -5*a + i - 2*i = -3552, -i = 2*a - 1422. What is the hundreds digit of a?
7
Let o(h) = 3*h**2 + 2*h - 3. Suppose -14 = b + 5*f, -6 = -4*b + 2*f - 18. What is the tens digit of o(b)?
3
Let z(y) = -y**3 + y**2 - y + 3. Let b be z(0). Suppose 0 = -a + b + 3. What is the units digit of a?
6
Let a(l) = 22*l**2 - 24*l + 30. What is the tens digit of a(11)?
2
Suppose -2*n = 4*u + n + 3, -10 = 2*n. Suppose -3*k = -u*v + 43 + 152, 0 = 4*v + k - 260. Suppose v = 4*x + 13. What is the tens digit of x?
1
Suppose 16*j - 15*j + 5*q = 42, 0 = -5*j - 5*q + 110. What is the tens digit of j?
1
Suppose -3*b = -4*n - 46, -4*b + 78 = 4*n - n. Suppose 2*v + 3*x = -b + 47, v - 2*x + 3 = 0. What is the units digit of v?
7
Let k(c) = -c**3 + 12*c**2 + c - 8. Let w be k(12). What is the tens digit of 22 + (w - 0) + -1?
2
Let y(u) be the third derivative of -3/2*u**3 + 13/24*u**4 + 0*u + u**2 + 0 - 1/60*u**5. What is the units digit of y(10)?
1
Let g = -8 + 13. Suppose -g = -j + 40. What is the tens digit of (17 - -1)*120/j?
4
Let o be (-3)/(21/(-12) + 1). Suppose 2*i - o*i = 2*b + 2, -15 = -5*b - i. What is the units digit of b?
4
Let p be (3*2/(-12))/((-2)/(-24)). What is the units digit of (4/p*5 - -2)*-3?
4
Let i = 1540 + -1027. What is the hundreds digit of i?
5
Let z(y) = y**2 + 5*y + 4. Let b be z(-5). Let f be (1 - b)/((-18)/30). Suppose 3*n - 3*i - 12 = 0, -n + f*i = -0*n + 4. What is the units digit of n?
6
Suppose 3*y - 38 = 7. Let l(m) = -m**3 + 16*m**2 - 14*m + 7. Let w be l(y). What is the units digit of (-130)/(-14) + w/(-77)?
9
Let q(r) = 4*r**2 + r - 1. Let c be q(1). Let i(l) = -l**3 + 2*l**2 + l + 8. Let x be i(c). Let s = x - -89. What is the units digit of s?
9
Suppose -482 = -3*t - 2*d, -5*t - 5*d + 441 + 364 = 0. Suppose -t = -2*z + 2*b, 2*z + 247 = 5*z + 4*b. What is the tens digit of z?
8
Let h be -3*(-4)/9 + (-184)/(-24). Let y = h - -9. What is the tens digit of y?
1
Let i(t) = 4*t**2 - 2*t - 2. Let j be i(-1). What is the units digit of 18/27*6/j?
1
Let j(o) be the first derivative of -o**2 + 8*o + 12. Let g be j(6). What is the tens digit of 594/15 + g/(-10)?
4
Let d(u) = -20*u + 37. Let n be d(-19). Let t = n - 260. What is the tens digit of t?
5
Let t(j) = 122*j - 499. What is the tens digit of t(19)?
1
Let v = 2779 + -1063. What is the hundreds digit of v?
7
Suppose 4*y - 14 = 2*a, 2*a + 3*a + 10 = 5*y. Suppose a*q + 83 = 395. What is the hundreds digit of q?
1
Let u = 14 + -14. Let f be (u - -3) + -1 - 5. What is the units digit of (-45)/2*2/f?
5
Suppose 3*r + 12 = 9*r. What is the tens digit of 39/(r/(20/3))?
3
Suppose -9*o - 20 = 61. Let d(u) = u**3 + 1 + 8*u**2 + 10*u**2 + 6*u - 8*u**2 + 0*u. What is the tens digit of d(o)?
2
Suppose -4*j - 30*d + 29*d + 2358 = 0, -4*j + 2*d = -2352. What is the tens digit of j?
8
Suppose 3*o = 2*f - 1823, -10 + 7 = 3*o. What is the hundreds digit of f?
9
Let r = 501 - 264. Suppose -4*j + 3*t + r = 0, 4*t - 212 = -4*j + 32. What is the units digit of j?
0
Let v be (-12)/20*(5 + 0). What is the tens digit of (-127)/(-3) - v/(-9)?
4
Let j(m) = m + 10. Let v be j(-6). Let x = -3 + v. Suppose -3*t - 3*b + 70 - x = 0, 3*t - 65 = -4*b. What is the tens digit of t?
2
Suppose -2*l - 20 = -6*l. Suppose 4*t + 16 = 2*m - l*m, t + 4 = 5*m. Suppose -5*r = 15, g = -m*g + 5*r + 28. What is the units digit of g?
3
Let z = 62 + -59. Suppose -h + 1 = 0, z*y - 4*y - 2*h + 11 = 0. What is the units digit of y?
9
Let g(t) = t**3 + 9*t**2 - 11*t - 5. Let l be g(-10). Suppose l*h - 237 - 217 = -4*n, 5*h - 222 = -2*n. What is the hundreds digit of n?
1
Suppose 3714 = 2*r + 5*p, 5*r + 438 = -p + 9769. What is the thousands digit of r?
1
Let t = -5276 + 8011. What is the units digit of t?
5
Suppose j + 9 = 2*m, 0 = -4*m - 2*j + 2 - 4. Let h(p) = -23*p + 19*p + 4*p**m - 15 - 2*p**2. What is the tens digit of h(7)?
5
Let f(c) = -c**3 - 9*c**2 - 5*c - 6. Let m = 26 - 35. What is the tens digit of f(m)?
3
Let w(v) = v**2 + 24*v - 9. What is the tens digit of w(-45)?
3
Suppose 0 = -h - h + 24. Suppose -3*a + 6*a - h = 0. Suppose 0 = -l + 5*l - j - 61, -50 = -5*l - a*j. What is the units digit of l?
4
Suppose -s = 2*u - 884, -4*s + 0*u - 2*u = -3506. What is the tens digit of s?
7
Let r = 34 - -1. Suppose 5*a - 5 = -3*t + 105, 25 = 5*t. Let d = r - a. What is the tens digit of d?
1
Let q = 33 + -28. Suppose -q*v + 4*v + 2*t = -21, -5*v - 5*t + 165 = 0. What is the tens digit of v?
2
Suppose 2*v - 2*q = -0*q + 20, -2*v = -4*q - 30. Let y be (-12)/v*(-100)/(-15). Let k = y - -18. What is the units digit of k?
2
Let l = 1010 - 350. Suppose l = -3*u + 7*u. What is the tens digit of u?
6
Let l(p) = 216*p - 206. What is the thousands digit of l(6)?
1
Let r = 5880 + -2860. What is the thousands digit of r?
3
Let y = 261 - 125. What is the units digit of y?
6
Suppose -3*y + 160 = 4*c - 9*